 the greatest common divisor of 31551708 and 18.
6
What is the greatest common divisor of 3168956 and 266?
14
What is the highest common factor of 2571 and 866787?
3
What is the greatest common divisor of 997304 and 5698?
154
What is the highest common divisor of 30 and 31305?
15
Calculate the highest common divisor of 26344 and 1090072.
712
What is the highest common divisor of 2522 and 12804194?
2522
What is the greatest common divisor of 14440139 and 2303?
329
What is the greatest common factor of 3259962 and 41724?
1098
Calculate the greatest common factor of 19301874 and 18.
6
Calculate the greatest common divisor of 34593561 and 108.
27
Calculate the greatest common factor of 279 and 2943357.
93
Calculate the highest common divisor of 882 and 2488878.
126
Calculate the highest common divisor of 98 and 97708058.
98
What is the highest common divisor of 411570 and 619650?
1530
What is the highest common divisor of 57 and 12295584?
57
What is the greatest common factor of 1788 and 3403812?
12
What is the greatest common divisor of 374418 and 25740?
198
Calculate the greatest common divisor of 5509368 and 90.
18
Calculate the greatest common factor of 91 and 2631118.
7
Calculate the highest common factor of 4498 and 306046.
26
What is the highest common factor of 9050 and 38275?
25
Calculate the greatest common divisor of 236630 and 190.
10
What is the greatest common divisor of 2754308 and 18148?
1396
What is the greatest common factor of 16 and 617720?
8
What is the highest common factor of 3750539 and 479362?
1339
Calculate the highest common divisor of 298158 and 55902.
42
Calculate the greatest common divisor of 746 and 56251011.
373
Calculate the highest common divisor of 16235 and 16575.
85
Calculate the highest common factor of 41 and 25201757.
41
Calculate the greatest common factor of 15105 and 8688714.
159
What is the highest common factor of 1167662 and 456280?
2074
What is the highest common divisor of 15416037 and 637?
637
Calculate the highest common factor of 221 and 2519383.
17
What is the highest common divisor of 1142 and 22307828?
1142
What is the greatest common factor of 113407 and 917?
7
Calculate the greatest common factor of 3667991 and 157.
157
What is the greatest common factor of 97006 and 579904?
1066
Calculate the highest common factor of 10276 and 26068.
28
What is the highest common factor of 5729 and 142426?
17
What is the greatest common divisor of 1182132 and 11088?
252
What is the highest common divisor of 603 and 20925909?
603
Calculate the greatest common factor of 24265636 and 2032.
508
Calculate the greatest common factor of 613 and 34491058.
613
What is the greatest common factor of 98241 and 220077?
429
Calculate the greatest common divisor of 851972 and 67067.
737
Calculate the greatest common factor of 989 and 85441.
43
What is the highest common divisor of 182 and 10948366?
26
Calculate the greatest common factor of 11152 and 248176.
16
Calculate the greatest common divisor of 3818 and 344356.
46
What is the highest common factor of 179037 and 1485?
27
What is the greatest common divisor of 238 and 16204876?
34
Calculate the highest common factor of 12908992 and 512.
64
Calculate the greatest common factor of 41200 and 123394.
206
Calculate the highest common factor of 339075 and 16425.
225
Calculate the greatest common divisor of 1548 and 1071459.
9
Calculate the highest common divisor of 9784 and 26808.
8
Calculate the highest common divisor of 223 and 24025128.
223
Calculate the highest common divisor of 12920 and 9348.
76
Calculate the highest common divisor of 5 and 2552467.
1
Calculate the highest common factor of 261 and 1729382085.
261
What is the greatest common factor of 216099 and 18954?
117
Calculate the highest common factor of 63350 and 4082274.
2534
What is the highest common divisor of 23420493 and 4407?
339
What is the highest common divisor of 48672 and 40330368?
3744
Calculate the greatest common divisor of 656 and 297537615.
41
What is the greatest common divisor of 8580714 and 84?
6
Calculate the highest common factor of 1578 and 67493.
1
Calculate the highest common factor of 1956251876 and 4.
4
Calculate the greatest common factor of 384 and 9048840.
24
What is the greatest common factor of 4865898 and 2504?
626
What is the greatest common divisor of 9702 and 69860?
14
What is the highest common factor of 1558752 and 1392?
48
What is the highest common divisor of 68537 and 20489?
7
Calculate the greatest common divisor of 122354942 and 2422.
346
Calculate the highest common factor of 192405 and 140289.
303
What is the highest common divisor of 21 and 10064026?
7
What is the greatest common factor of 794326407 and 32661?
10887
What is the highest common factor of 46 and 34387622?
46
Calculate the highest common divisor of 64125571 and 15513.
5171
What is the greatest common divisor of 15 and 4207293555?
15
What is the greatest common divisor of 118959984 and 17490?
3498
What is the highest common factor of 90 and 1426468986?
18
Calculate the greatest common factor of 9 and 13456398.
3
Calculate the highest common factor of 27962 and 7725630.
902
What is the greatest common divisor of 24 and 1385353488?
24
Calculate the highest common factor of 716 and 60161184.
716
What is the greatest common factor of 356358 and 6?
6
Calculate the greatest common divisor of 808 and 289736.
8
Calculate the greatest common factor of 7888 and 6549012.
1972
What is the greatest common factor of 1946 and 34573?
7
What is the highest common divisor of 140 and 88243400?
140
Calculate the greatest common factor of 53758580 and 88620.
4220
What is the greatest common divisor of 69840 and 665420?
1940
What is the greatest common divisor of 195 and 642483855?
195
Calculate the highest common factor of 3885 and 80182515.
3885
What is the highest common factor of 1568 and 1953152?
32
What is the greatest common factor of 854 and 259738?
122
What is the greatest common factor of 801 and 28432563?
267
Calculate the greatest common factor of 12 and 21209472.
12
What is the greatest common divisor of 156576042 and 1656?
414
What is the greatest common factor of 432089040 and 4?
4
What is the greatest common factor of 23 and 118193228?
23
What is the greatest common divisor of 278349808 and 33?
11
Calculate the greatest common factor of 7906 and 159768401.
3953
What is the highest common factor of 34807815 and 140?
35
Calculate the highest common divisor of 151095 and 460740.
105
Calculate the highest common factor of 1322 and 210703004.
1322
Calculate the highest common divisor of 36930 and 989310.
30
What is the highest common factor of 666 and 31857666?
222
Calculate the greatest common factor of 2134651 and 255800.
1279
What is the highest common factor of 2072 and 118176?
8
What is the highest common divisor of 4228960 and 360?
40
Calculate the highest common divisor of 2035 and 19118.
11
Calculate the highest common factor of 6064844 and 24092.
1268
What is the greatest common factor of 12 and 18852324?
12
Calculate the highest common factor of 2193 and 5431889.
43
Calculate the greatest common divisor of 2072 and 4812472.
56
What is the highest common factor of 275 and 734503?
11
What is the highest common factor of 6832 and 220444301?
427
Calculate the highest common divisor of 657 and 23636763.
9
Calculate the highest common divisor of 977613 and 5694.
39
What is the highest common divisor of 1769353 and 25331?
347
What is the highest common factor of 3224 and 23329904?
104
Calculate the highest common factor of 2532881 and 17238.
221
Calculate the highest common divisor of 156 and 14258166.
78
Calculate the greatest common divisor of 532 and 17322718.
266
Calculate the highest common factor of 26834061 and 1002.
501
Calculate the greatest common divisor of 5355966 and 1281.
21
Calculate the highest common factor of 235 and 51336596.
47
What is the highest common factor of 4405152 and 4704?
96
What is the highest common factor of 82783 and 2104431?
4357
What is the highest common factor of 13400343 and 21681?
297
What is the highest common factor of 5005904 and 736?
368
Calculate the highest common divisor of 7020 and 80620.
20
What is the highest common divisor of 19628406 and 237771?
8199
Calc